+ 1160 = 0. What is the units digit of w?
5
Let x = 1642 - 953. What is the units digit of x?
9
Suppose 0 = -0*z + 4*z. Suppose z = l - n - 11, -5*n + 4 = 4*l - 4. Suppose l*s - 10*s + 60 = 0. What is the units digit of s?
0
Suppose -4*j + 5 = 73. Let h = j + 31. What is the units digit of 432/h + 1/7?
1
Let d be 1/(-6) + 57/18. Suppose 156 + 8 = 5*b + d*v, -4*b = -4*v - 112. Let i = b + -9. What is the tens digit of i?
2
Suppose 0 = -3*a + 8*a + 135. Suppose 2*o = -o + 60. What is the units digit of (a/(-15))/(6/o)?
6
Let j = 102 + -45. Let p = 102 - j. What is the units digit of p?
5
Let l(i) = 141*i**2 - 3*i + 3. Suppose -r - 4*m + 9 = 0, 5*r + 2*m = 7*m - 5. Let t be l(r). Suppose -29 + t = 7*o. What is the tens digit of o?
1
Let s be 13*41 - 0/6. Let i = -289 + s. What is the units digit of i?
4
Let t(g) = -g - 51. Let j be t(-17). Let p be (-4)/j + 2160/(-153). Let d = p - -28. What is the units digit of d?
4
Suppose -137*s = -120*s + 17. Suppose f = 4*f - 21. What is the units digit of (f/(-21))/(s/39)?
3
Let b(x) = 56*x**3 - 4*x**2 + 23*x + 5. What is the hundreds digit of b(3)?
5
Suppose -2*f = 3*d + d + 2, d = 2*f - 18. Suppose f*n - 4*n = -3*l + 540, 4*n = -3*l + 716. What is the units digit of n?
6
Let j(r) = -18*r + 2 - 27*r + 0*r. What is the units digit of j(-1)?
7
Let m be (0 - -2) + -3 + 264. Let v = m - 182. What is the units digit of v?
1
Let v(u) = -5*u - 8. Let i be v(-6). Let c = 14 + i. What is the tens digit of c?
3
Suppose -2*u - 7*u = 2448. Let s = -194 - u. What is the tens digit of s?
7
Let d(x) = 3*x - 5. Let y = 15 - 12. Let q be d(y). Suppose -49 = -o + 5*a, q*o + 4*a - 244 + 0 = 0. What is the units digit of o?
9
Let h(j) = 2*j**2 - 23*j + 36. What is the units digit of h(12)?
8
Let f be 5/(-1)*1288/20. Let g = f - -504. What is the tens digit of (-3)/(-2)*g/7?
3
What is the units digit of (-12)/63*3*14728/(-16)?
6
Let i = -2722 + 5474. What is the thousands digit of i?
2
Suppose -2*s - i = 0, -s - 2*s - 4*i - 5 = 0. Suppose 0 = -5*j + 10, s = -v + 3*j - 4. What is the units digit of v*(-16)/(-4) - 0?
4
Let d be 164/(-3)*18/(-4). Let i = d + -162. What is the tens digit of 7/21*i/2?
1
Let j = -492 - -1033. What is the units digit of j?
1
Let h = -467 + 1981. What is the thousands digit of h?
1
Let m(q) = 27*q - 5*q - 1 + 34*q - 1. Let x be m(1). Suppose -2*j = -5*s + 24 + x, j - 1 = 0. What is the units digit of s?
6
What is the units digit of 120/(-96) + (-1473)/(-4)?
7
Let q be (18/4)/((-6)/(-8)). Suppose 0 = -x + 3, 5*s + 4*x + 6 + 17 = 0. Let b = q - s. What is the units digit of b?
3
Suppose 23*i = i + 28490. What is the thousands digit of i?
1
Let n = -2 + 95. Suppose -2*p + 112 + 65 = -w, p - n = 5*w. What is the tens digit of p?
8
Let h be 70/(-2)*4/(-10). Suppose x + 7 = h. Let n(d) = d**2 - 7*d + 7. What is the units digit of n(x)?
7
Let v be 6056/(-20) + -3 - 1/5. Let s = -110 - v. What is the hundreds digit of s?
1
Let t(z) = z**3 + 7*z**2 - 21*z + 10. Let y be 1/(-4) - (-165)/20. Suppose -y*n - 27 = -5*n. What is the tens digit of t(n)?
3
Suppose -45*s = -77*s + 39040. What is the units digit of s?
0
Suppose -52*h = -2*z - 50*h + 1332, -4*h = 2*z - 1350. What is the tens digit of z?
6
Let v = 104 - 41. Suppose -v - 327 = -3*x. What is the units digit of x?
0
Let z(s) = -s**3 - 16*s + 25*s - 1 - 5*s**2 - 16*s. What is the units digit of z(-5)?
4
Let f = 2365 - 1505. What is the units digit of f?
0
Let a(w) = 1113*w - 20. What is the hundreds digit of a(2)?
2
Suppose 5 = -0*k + 5*k + 4*g, 5*g + 40 = 3*k. Suppose -4*t + 321 - 85 = j, -3*j = k*t - 302. What is the units digit of t?
8
Suppose 3*r - 22779 = -4*z, 4*z + z + 3*r - 28470 = 0. What is the hundreds digit of z/35 - 4/(-10)?
1
Let p(v) = 1. Let u(r) = -2*r**3 + r**2 - r - 6. Let h(b) = -5*p(b) - u(b). Let k be h(-1). What is the units digit of (-1 - (k + -8)) + -1?
9
Suppose -8 = -4*i + 8. Suppose 3*z - 4*w - 184 = -55, -5*w - 172 = -i*z. What is the units digit of z?
3
Let k(w) = -34*w**2. Let m be k(-1). Let i = -29 - m. What is the tens digit of (12 + i)*(-1 + 2)?
1
Let g(c) = -54*c**3 + c**2 - 2*c + 2. Let b be g(1). Let i = b - -38. What is the units digit of 2/5 - 84/i?
6
Suppose 2121 - 5663 = -2*w - 4*n, n + 3 = 0. What is the units digit of w?
7
Suppose -1 = -3*w - h + 12, -3*w + h + 5 = 0. Suppose -w*x = -9, 2 = 3*m - 2*x - 4. Suppose -14 = -2*j + m. What is the units digit of j?
9
Let z(w) = 223*w - 112. What is the hundreds digit of z(8)?
6
What is the tens digit of 404 + (1 - -1 - 2)/2?
0
Let k = 30 + -31. Let z be (3 - k)/(-1) + -45. Let w = z + 73. What is the units digit of w?
4
Let t(s) = 3*s + 4. Suppose -u - 3*w - 18 = -w, 0 = -2*u + w - 11. Let d be 24/u - 9/(-1). What is the units digit of t(d)?
2
Let w(n) = -n**2 + n - 19. Let i be w(6). What is the units digit of 168/i*126/(-4)?
8
Let s = 5 + -7. Let o = s + 62. Suppose 0 = 3*z + 2*z - o. What is the units digit of z?
2
Let a(j) = 7*j**2 - 5 - j**3 - 4*j + j + j - 2*j**2. Let k be a(4). Suppose -k*i + i = -32. What is the tens digit of i?
1
Suppose -24 = -5*q - 14. Let p be 45/2*(-16)/(-6). Suppose -15 = -3*f, -p = -2*t - q*f + 102. What is the tens digit of t?
7
Let f = -120 - -278. What is the hundreds digit of f?
1
Let a(k) be the first derivative of 4*k**3/3 - 2*k**2 - k - 52. Let i(s) = 3*s**3 - s - 1. Let d be i(-1). What is the tens digit of a(d)?
4
Suppose n + z - 1 = -6, -7 = 2*n - z. What is the units digit of (n - -3)/(5/(-565))?
3
Let s(n) = 5*n - 2. Let x be s(3). Suppose -j - 244 = -5*j - 4*i, 0 = 5*j - 2*i - 291. Let v = j - x. What is the units digit of v?
6
Suppose -3*o = 25 + 5. Let g = o - -6. What is the units digit of g - (-11 - -4) - -1?
4
Let l = -956 + 1718. What is the tens digit of l?
6
Let b be (-6)/21 - (-10)/35. Suppose b*w - 3*w = 4*c - 93, -5*c = 0. What is the units digit of w?
1
Suppose 0 = 5*n - 52 - 13. Suppose -n*o + 531 = -4*o. What is the tens digit of o?
5
Let l be (-1 - 2)*-1 - -2. Let v be 26*1 + -8 + l. What is the tens digit of (10*v)/5 - 4?
4
Let j(p) = 2*p - 10. Let v(k) = k - 3. Let g(u) = 6*j(u) - 17*v(u). Suppose 0 = -5*d - 35 - 0. What is the units digit of g(d)?
6
Suppose j + 116 = -2*j - 2*w, 4*j + 136 = 2*w. Let d = j + 60. What is the units digit of d?
4
Suppose o + 1 = -4*n, 2 + 3 = n - 5*o. Let y(f) = -f**2 - 2*f + 23. What is the tens digit of y(n)?
2
Let p = 11 - -149. Suppose -5*k + 75 = -p. What is the tens digit of k?
4
Let o(h) = 2*h**2 - 52*h - 67. What is the units digit of o(38)?
5
What is the thousands digit of ((-40)/30)/(18/(-14391))?
1
Let n(o) = o - 8. Let z be n(10). Suppose -s = 4*w - 10, 5*w - 16 = -3*s - 0*w. Suppose -b + 3*g = -23, -g = s + z. What is the tens digit of b?
1
Suppose 3792 = 3*y - r, -y = -2*y - r + 1264. What is the units digit of y?
4
Let b be -3*23*(-1)/3. Suppose 2*z = 4*x + 12, b = 5*z + 4*x + 7. Suppose 16 = -z*w + 84. What is the units digit of w?
7
Suppose -12 = 4*g, -3*s + 4*g = 2*s - 12. Let z be -1 + s + 7 + -2. Suppose -z*q + 73 = -39. What is the units digit of q?
8
Let z = 192 - -263. Let i = z + -226. What is the units digit of i?
9
What is the hundreds digit of (-4)/(28089/5625 + -5)?
6
Let j be (18/4)/(-2 - 55/(-20)). What is the tens digit of 305/10*(1*j)/3?
6
Suppose 2*h + 2*h - 4*q - 548 = 0, -3*h + 451 = 5*q. What is the hundreds digit of h?
1
Let d = -22 - -72. What is the units digit of (d + 1)/((-9)/(-9))?
1
Let j = -45 + 1156. What is the units digit of j?
1
Let d(r) = -r**3 - 2 + 5*r - 3 - 6*r**2 + 0*r - 4. Let z be d(-7). Let a(k) = k**2 - 2*k + 4. What is the tens digit of a(z)?
1
Let y(r) = 29*r - 53. What is the units digit of y(9)?
8
Let v(u) = u**2 - u + 10. Let m be v(-5). Let t = 100 - m. What is the units digit of t?
0
Suppose -2*w - w = -1335. Suppose 5*y = t + w, 3*y - y = 3*t + 165. What is the units digit of y?
0
Let t(z) = 55*z. Let i(r) = -2*r. Let n(d) = -22*i(d) - t(d). Let k be 4/1*(-5)/4. What is the units digit of n(k)?
5
Let h(b) = 82*b - 56. What is the units digit of h(5)?
4
Let d(u) = -312*u**3 + 2*u**2 + 3*u. What is the hundreds digit of d(-1)?
3
Suppose 0 = 40*i - 37*i - 2646. What is the hundreds digit of i?
8
Let l(g) = 18*g**2. What is the units digit of l(-1)?
8
Let i(g) = -9*g - 51 - g**3 + 24*g + 13*g**2 + 50. Let t be 1*(13